.
2, 7, 23, 71
List the prime factors of 290389.
11, 26399
List the prime factors of 49335.
3, 5, 11, 13, 23
List the prime factors of 3618417.
3, 11, 19, 29, 199
What are the prime factors of 1993160?
2, 5, 13, 3833
What are the prime factors of 17044985?
5, 43, 79279
What are the prime factors of 31579942?
2, 2269, 6959
List the prime factors of 1725678.
2, 3, 31957
List the prime factors of 324167.
31, 10457
What are the prime factors of 1792064?
2, 28001
List the prime factors of 11940114.
2, 3, 173, 11503
List the prime factors of 8415481.
29, 290189
List the prime factors of 495064.
2, 19, 3257
List the prime factors of 256586.
2, 11, 107, 109
List the prime factors of 1184467.
97, 12211
List the prime factors of 5881547.
7, 137, 6133
List the prime factors of 684396.
2, 3, 6337
What are the prime factors of 313175?
5, 12527
List the prime factors of 608720.
2, 5, 7, 1087
List the prime factors of 596114.
2, 23, 12959
What are the prime factors of 9696805?
5, 47, 41263
What are the prime factors of 5742883?
19, 47, 59, 109
What are the prime factors of 2428076?
2, 7, 17, 5101
What are the prime factors of 4865447?
4865447
List the prime factors of 121154.
2, 11, 5507
List the prime factors of 719448.
2, 3, 31, 967
List the prime factors of 732919.
11, 66629
List the prime factors of 2136982.
2, 1068491
What are the prime factors of 217424?
2, 107, 127
What are the prime factors of 4429899?
3, 37, 53, 251
What are the prime factors of 191153?
23, 8311
What are the prime factors of 16315794?
2, 3, 11, 19, 4337
List the prime factors of 12068424.
2, 3, 31, 5407
What are the prime factors of 11241324?
2, 3, 61, 5119
List the prime factors of 196388.
2, 29, 1693
What are the prime factors of 1227283?
167, 7349
What are the prime factors of 4223129?
661, 6389
What are the prime factors of 1948805?
5, 389761
List the prime factors of 5710564.
2, 19, 29, 2591
What are the prime factors of 181875?
3, 5, 97
List the prime factors of 2686566.
2, 3, 41, 67, 163
List the prime factors of 2463263.
11, 151, 1483
What are the prime factors of 933707?
933707
What are the prime factors of 953989?
17, 3301
List the prime factors of 2588713.
47, 55079
List the prime factors of 2767520.
2, 5, 7, 353
What are the prime factors of 213446?
2, 19, 41, 137
List the prime factors of 1805385.
3, 5, 23, 5233
What are the prime factors of 2105866?
2, 7, 349, 431
List the prime factors of 237498.
2, 3, 23, 1721
List the prime factors of 2893556.
2, 43, 16823
What are the prime factors of 4826797?
4826797
What are the prime factors of 8512450?
2, 5, 170249
What are the prime factors of 833056?
2, 7, 3719
List the prime factors of 164513.
164513
What are the prime factors of 844743?
3, 281581
What are the prime factors of 9712997?
7, 1387571
What are the prime factors of 4539363?
3, 1513121
List the prime factors of 1912598.
2, 71, 13469
What are the prime factors of 7387552?
2, 230861
What are the prime factors of 1224920?
2, 5, 113, 271
What are the prime factors of 8102739?
3, 23, 117431
What are the prime factors of 1873704?
2, 3, 7, 19, 587
List the prime factors of 778377.
3, 259459
List the prime factors of 1685105.
5, 337021
List the prime factors of 262567.
262567
What are the prime factors of 47917?
47917
What are the prime factors of 2205614?
2, 17, 64871
List the prime factors of 9265659.
3, 13, 237581
What are the prime factors of 855430?
2, 5, 131, 653
What are the prime factors of 136076?
2, 34019
What are the prime factors of 3485418?
2, 3, 61, 89, 107
List the prime factors of 3712887.
3, 61, 6763
What are the prime factors of 1838003?
19, 96737
List the prime factors of 25608767.
163, 157109
What are the prime factors of 830693?
830693
What are the prime factors of 21710290?
2, 5, 7, 331, 937
What are the prime factors of 715991?
715991
What are the prime factors of 424561?
127, 3343
List the prime factors of 5268249.
3, 7, 17, 4919
List the prime factors of 2454045.
3, 5, 11, 107, 139
List the prime factors of 542577.
3, 7, 3691
What are the prime factors of 1357650?
2, 3, 5, 7, 431
What are the prime factors of 1568543?
1568543
List the prime factors of 219090.
2, 3, 5, 67, 109
What are the prime factors of 167955?
3, 5, 11197
List the prime factors of 2562196.
2, 7, 13, 7039
What are the prime factors of 5163?
3, 1721
List the prime factors of 938723.
17, 55219
What are the prime factors of 17069790?
2, 3, 5, 19, 29947
What are the prime factors of 71306?
2, 101, 353
What are the prime factors of 310308?
2, 3, 19, 1361
List the prime factors of 663169.
13, 139, 367
List the prime factors of 578259.
3, 11, 59
List the prime factors of 710804.
2, 17, 10453
What are the prime factors of 20084030?
2, 5, 2008403
List the prime factors of 32061433.
32061433
What are the prime factors of 14280152?
2, 1785019
List the prime factors of 2121890.
2, 5, 67, 3167
List the prime factors of 107672.
2, 43, 313
List the prime factors of 209571.
3, 69857
List the prime factors of 1780154.
2, 23, 38699
What are the prime factors of 873461?
873461
List the prime factors of 643445.
5, 11, 11699
What are the prime factors of 60960?
2, 3, 5, 127
What are the prime factors of 604718?
2, 137, 2207
List the prime factors of 49720.
2, 5, 11, 113
List the prime factors of 27863197.
137, 203381
List the prime factors of 7789982.
2, 3894991
What are the prime factors of 2860198?
2, 11, 53, 223
What are the prime factors of 2228238?
2, 3, 123791
List the prime factors of 166760.
2, 5, 11, 379
What are the prime factors of 262894?
2, 131447
List the prime factors of 3051160.
2, 5, 7, 17, 641
What are the prime factors of 322014?
2, 3, 7, 11, 17, 41
What are the prime factors of 2795908?
2, 698977
What are the prime factors of 411250?
2, 5, 7, 47
List the prime factors of 425335.
5, 257, 331
What are the prime factors of 203440?
2, 5, 2543
What are the prime factors of 2636666?
2, 17, 77549
List the prime factors of 8450533.
7, 13, 92863
List the prime factors of 49224.
2, 3, 7, 293
List the prime factors of 27010.
2, 5, 37, 73
List the prime factors of 8841641.
101, 87541
What are the prime factors of 8249253?
3, 29, 94819
What are the prime factors of 16661?
16661
List the prime factors of 507495.
3, 5, 23, 1471
List the prime factors of 1363126.
2, 681563
List the prime factors of 1410110.
2, 5, 13, 10847
List the prime factors of 49256.
2, 47, 131
List the prime factors of 1010003.
1010003
List the prime factors of 441568.
2, 13799
What are the prime factors of 300400?
2, 5, 751
What are the prime factors of 8783196?
2, 3, 731933
List the prime factors of 135849.
3, 7, 6469
What are the prime factors of 143320?
2, 5, 3583
List the prime factors of 18294350.
2, 5, 43, 67, 127
List the prime factors of 5650291.
137, 41243
List the prime factors of 449038.
2, 17, 47, 281
List the prime factors of 11736507.
3, 31, 126199
What are the prime factors of 905148?
2, 3, 17, 29
List the prime factors of 1482556.
2, 281, 1319
What are the prime factors of 426181?
7, 107, 569
What are the prime factors of 1003426?
2, 103, 4871
List the prime factors of 31423755.
3, 5, 11, 43, 103
List the prime factors of 1116443.
23, 48541
What are the prime factors of 97583?
97583
What are the prime factors of 3021205?
5, 11, 163, 337
List the prime factors of 2364900.
2, 3, 5, 7883
List the prime factors of 511503.
3, 53, 3217
List the prime factors of 463373.
47, 9859
List the prime factors of 327357.
3, 36373
List the prime factors of 2234316.
2, 3, 7, 67, 397
List the prime factors of 4089283.
11, 89, 4177
List the prime factors of 3699630.
2, 3, 5, 11, 37, 101
List the prime factors of 4083932.
2, 83, 12301
List the prime factors of 602671.
31, 19441
What are the prime factors of 5430545?
5, 97, 11197
What are the prime factors of 27289540?
2, 5, 1364477
What are the prime factors of 9273199?
13, 37, 1483
What are the prime factors of 127782?
2, 3, 31, 229
What are the prime factors of 1336863?
3, 11, 17, 2383
What are the prime factors of 256726?
2, 23, 5581
List the prime factors of 3799216.
2, 101, 2351
What are the prime factors of 17554889?
11, 29, 113, 487
List the prime factors of 2872072.
2, 7, 51287
List the prime factors of 1090287.
3, 11, 3671
List the prime factors of 22511652.
2, 3,